**3. Suppose -12*g - 655 = -691. Give c(g).
4
Let k(o) = 3 - 6*o**3 - 13*o**3 - 2. Let w(g) = -1036*g - 11397. Let c be w(-11). Calculate k(c).
20
Let a(u) = -u**3 + 5*u**2 + u + 1. Let l(i) = 7*i - 11. Let k be l(4). Let p(j) = -2*j**2 + 34*j. Let d be p(k). Let m = d + 5. Give a(m).
6
Suppose -4*d - 4*l = 12, 3*d - 3*l = 16 - 1. Let u(b) = -6060 - 4*b + 12124 - 6060. Let c(i) = -i**2 + i. Let n(r) = d*c(r) + u(r). Give n(3).
-14
Let u(l) be the first derivative of -1/4*l**4 - 4/3*l**3 + 5 - 3/2*l**2 - 3*l. Let s = -346 - -343. Give u(s).
-3
Let r be -7 + 0 - 0/1. Let m(b) be the first derivative of -b**2 - 17*b + 16260. Give m(r).
-3
Let q(o) be the third derivative of 3*o**5/20 + 5*o**4/4 - 10*o**3/3 - 56*o**2. Let g(t) = 4*t**2 + 15*t - 10. Let p(v) = 7*g(v) - 3*q(v). Give p(-16).
6
Let m(d) = d**3 + 3*d**2 - 2*d + 2. Let h(u) = 3*u**2 + 95*u + 229. Let o be h(-29). Calculate m(o).
8
Let p(r) = -2 + r**2 + 6*r**2 + 4*r - 9*r**2 + r**2. Suppose d + 2*d - 6 = 0. Suppose -4*u + 36 = 4*y, -y = -d*y + 5. Determine p(u).
-2
Suppose -3*y = q - 5, 48*q - 4*y + 18 = 50*q. Let t be (-102)/q*2/(-4). Let a(k) be the third derivative of k**5/60 - k**4/6 + k**3/3 - k**2. Give a(t).
-1
Let m(u) be the first derivative of -2*u**2 - 21*u + 409. Determine m(5).
-41
Let b(q) be the third derivative of 1/2*q**3 - 1/12*q**4 + 0 + 0*q + 2*q**2. Let g = -1938 + 1942. Calculate b(g).
-5
Let c(j) = -2*j**2 - j - 1 + 0*j**2 + 3*j**2. Suppose -5*r - 4*z = -22, -4*z + 8 = -4. Suppose -3*u + r = 2*f, 2*u + 0*u = -5*f + 16. What is c(u)?
5
Let i(a) = -3*a - 18*a - 72 + 75 + 22*a. Let o(s) = -10*s**2 - 3*s + 2. Let c be o(1). What is i(c)?
-8
Let g(a) = -15*a + 5. Let i = 4778 - 4776. Determine g(i).
-25
Let y(p) = 4*p + 2. Suppose -4*v - 48 = -4*i, i + 7 - 34 = -2*v. Suppose 21*o - i*o = -4. What is y(o)?
-2
Let c be (30/(-9))/(6/9). Let z(b) = 7*b**3 + 10*b**2 - 11*b - 15. Let p(m) = -4*m**3 - 5*m**2 + 7*m + 8. Let o(r) = 5*p(r) + 3*z(r). What is o(c)?
-15
Let n(l) = -43*l**2 + 4*l - 2. Let c be 20*9/90 + -3 + 1 + 1. What is n(c)?
-41
Let v(l) = -7*l - 66. Let d be v(-10). Let w(g) = 14*g - 10. Let j(a) = 3*a. Let f(x) = d*j(x) - w(x). Calculate f(8).
-6
Let k = -15184 + 15181. Let l(f) = 2*f**3 + 3*f**2 - 1. Let j(o) = o**3 + 1 - 2*o**3 - o - 2. Let q(s) = j(s) + l(s). Calculate q(k).
1
Let d(s) = -13477 - 13509 - 5*s + 27011. Determine d(-2).
35
Let k(q) be the first derivative of 2*q**3/3 - 3*q**2/2 + q - 5. Let i(h) = 78*h**3 + 5*h**2 - 4*h + 1. Let d be i(1). Suppose -100 + d = -10*p. What is k(p)?
3
Let q(o) = -5 + 8 - 7 - 5 - 2*o - 13. Determine q(-9).
-4
Let x(r) = -r**3 - 7*r**2 - 8*r - 1. Suppose 1008 = -120*z + 288. Give x(z).
11
Let a(u) be the second derivative of u**5/20 - 2*u**4/3 + 7*u**3/6 + 10*u**2 - 2*u + 66. Give a(6).
-10
Let p(c) = c**3 + 7*c**2 + 3*c + 9. Suppose -59*m = -57*m - 10. Suppose 5*g = 4*g - m*g. Suppose -9*w + g*w = 63. What is p(w)?
-12
Let q(l) = l**2 - 5*l + 3. Let v(c) = -3*c - 6. Let b be (2 - (0 + 0 + -1)) + 2. Suppose -a = b*k + 2*a + 21, 0 = -3*k - 4*a - 17. Let g be v(k). What is q(g)?
-3
Let c(x) = -43*x - 1457. Let p be c(-34). Let b(u) = -9*u + 42. Determine b(p).
-3
Let r(m) = -5*m - 5*m + 4*m - m + 3*m - 4. Suppose -3*f - 4*z + 7 = 0, -4 = 3*z - z. Suppose 3*d = h + 16, -12 = -2*h - 0*h - f*d. Give r(h).
12
Let j(m) = m**2 + 4*m. Suppose -5*v = -3*g - 5, -4*g = -5*v + 5 - 0. Suppose 0 = -3*u + u + 8. Let q(h) = 1. Let p(n) = u*q(n) + v*j(n). Determine p(-3).
1
Let o be (-10)/(-1 + -1) + -3. Let h(y) = y**2 + 2*y + 5. Let i be (-58)/(-8) + 4/(-16). Let q(a) = a**2 + 2*a + 6. Let r(b) = i*h(b) - 6*q(b). What is r(o)?
7
Let m(f) = -18*f**2 - f**3 - 74 - 85 + 142 + 18*f. Determine m(-19).
2
Let c(x) be the second derivative of -5*x + 1/2*x**2 + 1/2*x**5 - 10 - 1/12*x**4 + 0*x**3. Give c(1).
10
Let j(b) = 5*b - 13. Suppose -13*n - c + 22 = -17*n, -c = -2. Determine j(n).
-38
Let x(a) = 80*a - 143. Let n be x(2). Let k(l) = 8*l - 136. Give k(n).
0
Let q(c) = 2*c**3 - 4*c**2 + 1. Let a(n) = 44*n**2 + 220*n + 2. Let w be a(-5). Give q(w).
1
Suppose 51*v - 53*v - 3*z = 20, 3*z = 5*v - 13. Let c(a) = -28*a + 10. Give c(v).
38
Let s(o) be the second derivative of o**5/20 + 7*o**4/4 + 26*o**3/3 - 18*o**2 - 53*o - 5. What is s(-18)?
0
Let d(p) be the second derivative of p**4/12 - 29*p**3/6 - 17*p**2/2 - 49*p + 6. Give d(30).
13
Let d(h) = -80*h - 403. Suppose -583 = 205*l + 455 - 13. What is d(l)?
-3
Let z(a) be the third derivative of -1/120*a**6 - 5/24*a**4 + 0*a + 7*a**2 - 1/3*a**3 + 0 + 1/10*a**5. Calculate z(5).
-2
Let l(h) = -h**2 - 2*h - 26. Let b(m) = 2*m**2 - 26*m + 61. Let j(o) = b(o) + 3*l(o). Give j(-31).
14
Let b(r) be the first derivative of r**5/20 - 11*r**4/12 + 3*r**3 + r**2/2 + 95*r - 109. Let l(s) be the first derivative of b(s). Determine l(9).
1
Let d = -1 + 6. Let l(z) be the second derivative of -z**5/40 + 7*z**4/24 - 10*z**3/3 - 18*z. Let x(t) be the second derivative of l(t). What is x(d)?
-8
Let i(n) = -7*n**3 + 1. Let o = -10 + -6. Let p(d) = 72*d - 1167. Let z be p(16). Let k = z - o. Calculate i(k).
-6
Let s(m) be the first derivative of -m**3/3 + 9*m**2/2 - m - 434. Determine s(10).
-11
Let l(w) be the third derivative of -w**6/120 + 11*w**5/60 - w**4/24 + 7*w**3/3 + w**2. Let c(h) = -h**3 + 2*h**2 + 21*h - 1. Let u be c(-4). What is l(u)?
3
Let c(u) = 16*u - 13. Suppose -120 - 123 = -81*z. What is c(z)?
35
Let x(d) = d - 2. Let o = 112 + -68. Let g = -40 + o. Suppose a - 1 = g. Calculate x(a).
3
Let u be 6570/(-240) + 29 + 10/(-16) + 1. Let d(m) = -2*m**2 + m + 2. Give d(u).
-4
Let n(t) = -4 - 15 + 666*t - 673*t. Let a(x) = 2*x + 13 + 8*x + 15 + x. Let l(d) = 5*a(d) + 8*n(d). What is l(-7)?
-5
Let b(m) = m**2 + 7*m - 6. Let o = 284 - 292. Let d be 1*-4*o/(-4). Give b(d).
2
Let i(r) = -r**3 - 4*r**2 + 7*r + 3. Let m be i(-6). Let q(f) = -f**3 + 8*f**2 - 8*f + 6. Let x be q(4). Let g = m - x. Let d(z) = z**2 + z - 5. What is d(g)?
15
Let y(w) be the third derivative of -w**6/120 - 11*w**5/60 + w**4/3 + 2*w**3 - 3*w**2 - 849. What is y(-12)?
60
Let b(o) = o**3 - 9*o**2 - 8*o - 4. Suppose -4*f + 5*i + 63 = 12, -4*f + 27 = 3*i. Determine b(f).
-76
Let m(d) = d**2 + 5*d + 1. Suppose 39*f = 44*f - 930. Let i be f/(-66) + (-12)/66. Give m(i).
-5
Suppose 0 = -3*x - 2*g, 2*x - 3*x = 5*g. Suppose -2*d + 10 - 8 = x. Let u(y) = y**3 + 4*y**2 + 8*y + d + 8*y - 15*y. Give u(-4).
-3
Let q(m) = 10*m**3 + m**2 - 3*m + 3. Let v(a) = 31*a**3 + 3*a**2 - 10*a + 10. Let g(l) = 7*q(l) - 2*v(l). Suppose -462*n + 434 = -28. What is g(n)?
9
Let d(y) be the third derivative of -y**6/240 + y**5/40 + 113*y**4/24 - 9*y**2 - 4. Let t(q) be the second derivative of d(q). Give t(2).
-3
Let p(l) = -l**3 - 9*l**2 - 10*l - 3. Suppose 3*j - 137 = -62. Suppose -a + 9 = -4*k + j, 0 = -3*a - 3*k + 27. Suppose 0 = -a*y, 2*t + 7 = y - 9. What is p(t)?
13
Suppose -507*u = -538*u + 155. Let q(x) = -x**2 + x - 1. Let r(m) = -m**2 + 6*m + 3. Let i(o) = q(o) + r(o). Determine i(u).
-13
Suppose 5*h = 3*a - 7, 3*h + 0*h + 3*a = 15. Let d(v) = -318*v - 53. Let z(o) = 175*o + 29. Let j(l) = -6*d(l) - 11*z(l). Calculate j(h).
-18
Let l(x) be the second derivative of 1/6*x**3 + 6 - 2*x - 11/2*x**2. Suppose q = -3*q + 36. What is l(q)?
-2
Let z(y) = -y**2 + 122*y - 1. Let k(t) = -2*t**3 + 9*t**2 - 733*t + 7. Let r(a) = -k(a) - 6*z(a). Suppose 4*w - 2*l + 2 = 0, 2*l = 4*w - 7*w + 16. Give r(w).
5
Suppose 594*i = 585*i + 36. Let q(m) = -26 + 10 + 2*m**2 - 4*m - m**2 + 12. What is q(i)?
-4
Let v(x) = 2*x**3 + 21*x**2 + 28*x + 12. Let p be v(-9). Let w(o) = 9 + 5 - 13 - o**p + 3. What is w(0)?
4
Let t(m) be the third derivative of 35*m**4/24 - 31*m**3/3 + m**2 - 54. Let s be t(2). Let r(k) = k**3 - 9*k**2 + 10*k - 3. Give r(s).
13
Let a(r) = -19*r - 54. Let q be a(-2). Let y(m) = m**3 + 17*m**2 + 21*m + 83. Give y(q).
3
Let m(d) = d**3 - 2*d**2 - 5*d + 6. Let k = 1667 - 1664. Give m(k).
0
Let k(o) = 27*o - 3. Let n(r) = -68*r + 8. Let u(b) = 5*k(b) + 2*n(b). Determine u(-2).
3
Let y(z) = z**3 + 5*z**2 - 10*z - 13. Suppose -4*l - 28 = 4*a, -101*l + 99*l - 2 = 0. What is y(a)?
11
Let q(v) = 6*v**3 + v. Let u = -362 + 362. Let t be ((u + 1)/(-1))/(83 + -82). Give q(t).
-7
Let q(w) be the third derivative of 0*w + 2*w**2 + 1/6*w**3 + 1/60*w**5 + 1/12*w**4 + 